divide 9894?
False
Is 127 a multiple of 8?
False
Does 127 divide 24583?
False
Is 525 a multiple of 25?
True
Does 12 divide 276?
True
Is 4 a factor of 715?
False
Does 83 divide 6247?
False
Does 134 divide 40468?
True
Is 10 a factor of 456?
False
Is 1301 a multiple of 14?
False
Is 7728 a multiple of 7?
True
Is 11520 a multiple of 16?
True
Does 10 divide 1190?
True
Is 2470 a multiple of 130?
True
Does 37 divide 5550?
True
Is 194 a factor of 36952?
False
Is 13 a factor of 10156?
False
Is 54176 a multiple of 55?
False
Does 25 divide 200?
True
Is 42343 a multiple of 161?
True
Does 14 divide 58604?
True
Is 26 a factor of 24570?
True
Is 72303 a multiple of 95?
False
Is 6 a factor of 5637?
False
Does 8 divide 129?
False
Is 12 a factor of 197?
False
Is 32 a factor of 8905?
False
Is 158040 a multiple of 15?
True
Is 5292 a multiple of 41?
False
Is 90 a factor of 696?
False
Is 577 a multiple of 8?
False
Does 50 divide 1033?
False
Is 207 a multiple of 18?
False
Is 119 a factor of 860?
False
Does 16 divide 320?
True
Is 55 a factor of 9965?
False
Is 33863 a multiple of 113?
False
Is 98 a multiple of 4?
False
Does 33 divide 13002?
True
Does 14 divide 367?
False
Is 26 a factor of 36763?
False
Is 1014 a multiple of 15?
False
Does 21 divide 735?
True
Is 43246 a multiple of 54?
False
Is 23873 a multiple of 32?
False
Is 39 a factor of 78?
True
Is 2008 a multiple of 37?
False
Is 14 a factor of 192?
False
Is 2457 a multiple of 6?
False
Is 13 a factor of 7319?
True
Does 47 divide 3698?
False
Is 14 a factor of 48496?
True
Is 23712 a multiple of 104?
True
Is 216 a multiple of 24?
True
Is 883 a multiple of 22?
False
Is 22534 a multiple of 38?
True
Is 17 a factor of 6336?
False
Is 175 a factor of 7000?
True
Is 37 a factor of 56795?
True
Is 23 a factor of 24841?
False
Is 69 a factor of 1096?
False
Is 119 a factor of 66839?
False
Is 6 a factor of 173?
False
Is 298 a multiple of 7?
False
Does 132 divide 2209?
False
Does 31 divide 43111?
False
Is 21089 a multiple of 200?
False
Does 3 divide 615?
True
Is 18 a factor of 18972?
True
Is 9 a multiple of 4?
False
Does 4 divide 944?
True
Is 1102 a multiple of 11?
False
Is 57 a factor of 26334?
True
Is 1023 a multiple of 48?
False
Does 30 divide 780?
True
Is 10850 a multiple of 11?
False
Does 26 divide 1162?
False
Is 33 a factor of 3828?
True
Does 25 divide 4750?
True
Is 43446 a multiple of 45?
False
Is 4670 a multiple of 77?
False
Is 393 a multiple of 14?
False
Is 10 a factor of 6061?
False
Is 18423 a multiple of 216?
False
Is 55 a factor of 4015?
True
Is 21 a factor of 298?
False
Is 2468 a multiple of 14?
False
Is 98 a multiple of 2?
True
Does 46 divide 3588?
True
Is 14 a factor of 4396?
True
Is 24084 a multiple of 36?
True
Does 4 divide 2551?
False
Does 28 divide 18290?
False
Is 5 a factor of 12010?
True
Does 338 divide 62868?
True
Is 1359 a multiple of 16?
False
Is 657 a multiple of 22?
False
Is 745 a multiple of 55?
False
Is 16 a factor of 9450?
False
Is 108 a factor of 27108?
True
Is 3 a factor of 223?
False
Is 10 a factor of 95?
False
Does 367 divide 87346?
True
Is 3 a factor of 7193?
False
Is 4403 a multiple of 87?
False
Does 19 divide 15523?
True
Is 576 a multiple of 18?
True
Is 22 a factor of 906?
False
Is 13 a factor of 56940?
True
Does 85 divide 1530?
True
Does 19 divide 156080?
False
Does 103 divide 1155?
False
Is 40 a factor of 30383?
False
Is 19 a factor of 3482?
False
Is 420 a multiple of 84?
True
Is 9 a factor of 2574?
True
Is 16 a factor of 1399?
False
Is 18846 a multiple of 9?
True
Is 66 a multiple of 3?
True
Is 159 a factor of 970?
False
Is 44 a factor of 616?
True
Does 16 divide 2880?
True
Does 30 divide 510?
True
Is 148 a factor of 80250?
False
Is 121 a factor of 6703?
False
Is 26 a multiple of 2?
True
Does 2 divide 128?
True
Is 12 a factor of 144?
True
Does 16 divide 1092?
False
Does 50 divide 9100?
True
Does 16 divide 2160?
True
Is 20 a factor of 1174?
False
Is 2194 a multiple of 4?
False
Does 25 divide 30?
False
Does 17 divide 2690?
False
Is 18 a factor of 1440?
True
Does 52 divide 7436?
True
Does 2 divide 120?
True
Is 15504 a multiple of 18?
False
Is 10 a factor of 1410?
True
Is 14 a factor of 3805?
False
Does 11 divide 3948?
False
Does 26 divide 37500?
False
Is 34 a factor of 340?
True
Is 18 a factor of 14688?
True
Is 18 a factor of 630?
True
Does 6 divide 271?
False
Is 40870 a multiple of 221?
False
Is 35 a factor of 47250?
True
Is 6 a factor of 1263?
False
Is 37 a factor of 1517?
True
Is 363 a multiple of 11?
True
Does 78 divide 2981?
False
Is 56 a factor of 8232?
True
Is 25254 a multiple of 207?
True
Does 29 divide 1597?
False
Is 8176 a multiple of 54?
False
Is 9405 a multiple of 15?
True
Is 120 a multiple of 26?
False
Does 7 divide 8971?
False
Does 49 divide 107947?
True
Is 12 a factor of 895?
False
Is 21 a factor of 27333?
False
Is 10 a factor of 2942?
False
Does 8 divide 136?
True
Is 2434 a multiple of 14?
False
Is 160 a factor of 13560?
False
Is 12 a factor of 10539?
False
Is 20 a factor of 4656?
False
Is 27411 a multiple of 30?
False
Is 83 a factor of 1162?
True
Is 9 a factor of 549?
True
Is 41 a factor of 11312?
False
Is 13 a factor of 273?
True
Is 7763 a multiple of 11?
False
Is 17 a factor of 527?
True
Is 1689 a multiple of 13?
False
Is 245 a factor of 50960?
True
Is 426 a multiple of 128?
False
Does 96 divide 2756?
False
Does 20 divide 6779?
False
Is 99 a factor of 10890?
True
Is 844 a multiple of 4?
True
Is 137898 a multiple of 326?
True
Is 18 a factor of 2945?
False
Is 4482 a multiple of 17?
False
Does 10 divide 4250?
True
Is 68 a factor of 51431?
False
Does 223 divide 66900?
True
Is 25 a factor of 150?
True
Is 2064 a multiple of 24?
True
Does 16 divide 9392?
True
Is 4300 a multiple of 100?
True
Is 52 a factor of 1213?
False
Is 47 a factor of 1299?
False
Is 34 a factor of 6546?
False
Does 15 divide 390?
True
Is 3 a factor of 32?
False
Is 837 a multiple of 31?
True
Is 5472 a multiple of 8?
True
Is 3552 a multiple of 12?
True
Is 1439 a multiple of 15?
False
Is 55571 a multiple of 19?
False
Is 13760 a multiple of 40?
True
Does 22 divide 12496?
True
Is 142 a factor of 1425?
False
Is 17 a factor of 10472?
True
Is 100 a factor of 400?
True
Does 6 divide 8701?
False
Is 3689 a multiple of 119?
True
Is 22 a factor of 748?
True
Does 32 divide 9568?
True
Does 67 divide 1042?
False
Does 76 divide 3268?
True
Does 17 divide 4313?
False
Is 14 a factor of 53?
False
Does 48 divide 3264?
True
Is 2148 a multiple of 14?
False
Is 25 a factor of 1045?
False
Is 5593 a multiple of 85?
False
Does 29 divide 981?
False
Is 1585 a multiple of 3?
False
Is 2477 a multiple of 10?
False
Does 9 divide 1142?
False
Does 38 divide 417?
False
Does 90 divide 20430?
True
Is 6 a factor of 11519?
False
Does 63 divide 1736?
False
Is 17 a factor of 374?
True
Is 172 a multiple of 60?
False
Is 7 a factor of 144?
False
Is 148 a multiple of 4?
True
Is 963 a multiple of 107?
True
Is 7 a factor of 161?
True
Is 1814 a multiple of 3?
False
Does 167 divide 126252?
True
Does 122 divide 47325?
False
Is 2839 a multiple of 7?
False
Is 7 a factor of 8589?
True
Does 36 divide 11159?
False
Is 21 a factor of 167679?
False
Is 392 a multiple of 49?
True
Is 6392 a multiple of 26?
False
Is 814 a multiple of 53?
False
Is 180 a multiple of 10?
True
Is 4180 a multiple of 19?
True
Does 35 divide 831?
False
Does 21 divide 394?
False
Is 13 a factor of 1001?
True
Does 79 divide 4875?
False
Is 12 a factor of 288?
True
Is 61 a factor of 2573?
False
Is 915 a multiple of 10?
False
Is 12 a factor of 14136?
True
Is 845 a multiple of 6?
False
Is 1481 a multiple of 47?
False
Does 7 divide 137?
False
Does 67 divide 1005?
True
Is 40 a factor of 774?
False
Is 3 a factor of 159?
True
Is 27 a factor of 13608?
True
Does 14 divide 14952?
True
Is 45 a factor of 1127?
False
Is 1395 a multiple of 31?
True
Does 13 divide 1248?
True
Does 9 divide 4464?
True
Is 28 a factor of 56?
True
Is 416 a multiple of 39?
False
Is 48156 a multiple of 115?
False
Is 200 a multiple of 4?
True
Is 78 a factor of 78?
True
Does 4 divide 20?
True
Is 144 a multiple of 16?
True
Is 5068 a multiple of 28?
True
Is 27 a factor of 153?
False
Does 8 divide 5264?
True
Is 606 a multiple of 36?
False
Does 110 divide 1320?
True
Is 24 a factor of 11523?
False
Does 2 divide 1507?
False
Is 69 a factor of 6141?
True